{"id":190,"date":"2019-07-31T19:43:00","date_gmt":"2019-07-31T22:43:00","guid":{"rendered":"https:\/\/historia.faccat.br\/?page_id=190"},"modified":"2019-10-19T10:08:07","modified_gmt":"2019-10-19T13:08:07","slug":"2008-2","status":"publish","type":"page","link":"https:\/\/historia.faccat.br\/wordpress\/index.php\/2008-2\/","title":{"rendered":"2008"},"content":{"rendered":"\n<p>Para acessar a monografia \u00e9 necess\u00e1rio clicar no \u00edcone <img loading=\"lazy\" decoding=\"async\" width=\"20\" height=\"20\" class=\"wp-image-231\" style=\"width: 20px;\" src=\"https:\/\/historia.faccat.br\/wp-content\/uploads\/2019\/08\/pdf-file-format-symbol.png\" alt=\"\" srcset=\"https:\/\/historia.faccat.br\/wordpress\/wp-content\/uploads\/2019\/08\/pdf-file-format-symbol.png 512w, https:\/\/historia.faccat.br\/wordpress\/wp-content\/uploads\/2019\/08\/pdf-file-format-symbol-150x150.png 150w, https:\/\/historia.faccat.br\/wordpress\/wp-content\/uploads\/2019\/08\/pdf-file-format-symbol-300x300.png 300w\" sizes=\"auto, (max-width: 20px) 100vw, 20px\" \/>.<\/p>\n\n\n\n<p class=\"has-small-font-size\">Observa\u00e7\u00e3o:<br>* Todos os trabalhos est\u00e3o em formato .pdf.<br>** Os trabalhos que n\u00e3o est\u00e3o acess\u00edveis \u00e9 porque tiraram nota inferior a 8,5 ou n\u00e3o foi enviado pelo autor. <\/p>\n\n\n\n<table class=\"wp-block-table has-subtle-pale-pink-background-color has-background is-style-stripes\"><tbody><tr><td> <strong>Parob\u00e9: Desvendando sua Hist\u00f3ria<\/strong><br> Autor: Eloisa Helena da Silva<br> Orientador: <a rel=\"noreferrer noopener\" aria-label=\" (abre numa nova aba)\" href=\"http:\/\/lattes.cnpq.br\/5592131370756851\" target=\"_blank\">Doris Rejane Fernandes<\/a><br> Avaliadores: <a href=\"http:\/\/lattes.cnpq.br\/8296134223783851\" target=\"_blank\" rel=\"noreferrer noopener\" aria-label=\" (abre numa nova aba)\">Elaine Smaniotto<\/a> e <a rel=\"noreferrer noopener\" aria-label=\" (abre numa nova aba)\" href=\"http:\/\/lattes.cnpq.br\/0120499154280445\" target=\"_blank\">Daniel Luciano Gevehr<\/a>  <\/td><td><\/td><\/tr><tr><td><strong>Movimento Farroupilha: Olhares e Interpreta\u00e7\u00f5es<\/strong><br>Autor: Ingrid Krupp Corr\u00eaa<br>Orientador:&nbsp;<a rel=\"noreferrer noopener\" aria-label=\" (abre numa nova aba)\" href=\"http:\/\/lattes.cnpq.br\/5592131370756851\" target=\"_blank\">Doris Rejane Fernandes<\/a><br>Avaliadores:&nbsp;<a href=\"http:\/\/lattes.cnpq.br\/0407489410040797\" target=\"_blank\" rel=\"noreferrer noopener\" aria-label=\" (abre numa nova aba)\">Dalva Reinheimer<\/a>&nbsp;e&nbsp;<a rel=\"noreferrer noopener\" aria-label=\" (abre numa nova aba)\" href=\"http:\/\/lattes.cnpq.br\/8296134223783851\" target=\"_blank\">Elaine Smaniotto<\/a> <\/td><td> <\/td><\/tr><tr><td><strong>Os imagin\u00e1rios urbanos de Taquara na Rep\u00fablica Velha<\/strong><br> Autor: <a rel=\"noreferrer noopener\" aria-label=\" (abre numa nova aba)\" href=\"http:\/\/lattes.cnpq.br\/5820124921751504\" target=\"_blank\">Jocemar Paulo de Lima<\/a><br> Orientador: <a href=\"http:\/\/lattes.cnpq.br\/0120499154280445\" target=\"_blank\" rel=\"noreferrer noopener\" aria-label=\" (abre numa nova aba)\">Daniel Luciano Gevehr<\/a><br> Avaliadores:&nbsp; <\/td><td><\/td><\/tr><tr><td><strong>De inimigo interno a aliado: o ensino de hist\u00f3ria na d\u00e9cada de 70 do s\u00e9culo XX no Brasil<\/strong><br> Autor: Juliana Soares da Silva Mundstock<br> Orientador: <a rel=\"noreferrer noopener\" aria-label=\" (abre numa nova aba)\" href=\"http:\/\/lattes.cnpq.br\/5592131370756851\" target=\"_blank\">Doris Rejane Fernandes<\/a><br> Avaliadores: <a href=\"http:\/\/lattes.cnpq.br\/0407489410040797\" target=\"_blank\" rel=\"noreferrer noopener\" aria-label=\" (abre numa nova aba)\">Dalva Reinheimer<\/a>  <\/td><td><\/td><\/tr><tr><td><strong>Pr\u00e1ticas Femininas: percep\u00e7\u00f5es e significados mulheres da Boa Esperan\u00e7a, Rolante, 2008<\/strong><br> Autor: <a rel=\"noreferrer noopener\" aria-label=\" (abre numa nova aba)\" href=\"http:\/\/lattes.cnpq.br\/8540574983975710\" target=\"_blank\">Mara Regina Garcia Cambruzzi<\/a><br> Orientador: <a rel=\"noreferrer noopener\" aria-label=\" (abre numa nova aba)\" href=\"http:\/\/lattes.cnpq.br\/0120499154280445\" target=\"_blank\">Daniel Luciano Gevehr<\/a><br> Avaliadores: <a href=\"http:\/\/lattes.cnpq.br\/1260635590703078\" target=\"_blank\" rel=\"noreferrer noopener\" aria-label=\" (abre numa nova aba)\">Luciane M. Wagner Raupp<\/a> e <a rel=\"noreferrer noopener\" aria-label=\" (abre numa nova aba)\" href=\"http:\/\/lattes.cnpq.br\/0501385016752940\" target=\"_blank\">Maria de F\u00e1tima Reszka<\/a>  <\/td><td><\/td><\/tr><tr><td><strong>As migra\u00e7\u00f5es contempor\u00e2neas dos \u00edndios Mby\u00e1 Guarani no Rio Grande do Sul nas d\u00e9cadas de 1970 e 1980<\/strong><br> Autor: <a rel=\"noreferrer noopener\" aria-label=\" (abre numa nova aba)\" href=\"http:\/\/lattes.cnpq.br\/0112174788896699\" target=\"_blank\">Marcelo Rodrigo Confortin<\/a><br> Orientador: <a rel=\"noreferrer noopener\" aria-label=\" (abre numa nova aba)\" href=\"http:\/\/lattes.cnpq.br\/4927363787746537\" target=\"_blank\">Jefferson Luciano Zuch Dias<\/a><br> Avaliadores: <a href=\"http:\/\/lattes.cnpq.br\/7963148769474775\" target=\"_blank\" rel=\"noreferrer noopener\" aria-label=\" (abre numa nova aba)\">Jairo Henrique Rogge<\/a> e <a rel=\"noreferrer noopener\" aria-label=\" (abre numa nova aba)\" href=\"http:\/\/lattes.cnpq.br\/8296134223783851\" target=\"_blank\">Elaine Smaniotto<\/a>  <\/td><td><\/td><\/tr><tr><td><strong>O  processo de transforma\u00e7\u00e3o de um munic\u00edpio sede para distrito: a atua\u00e7\u00e3o  de liberais e republicanos em Santa Cristina do Pinhal (1880 &#8211; 1892)<\/strong><br> Autor: <a rel=\"noreferrer noopener\" aria-label=\" (abre numa nova aba)\" href=\"http:\/\/lattes.cnpq.br\/9087987838399082\" target=\"_blank\">Paulo Gilberto Mosmann Sobrinho<\/a><br> Orientador: <a href=\"http:\/\/lattes.cnpq.br\/0407489410040797\" target=\"_blank\" rel=\"noreferrer noopener\" aria-label=\" (abre numa nova aba)\">Dalva Reinheimer<\/a><br> Avaliadores: Alexandre Beeck e <a rel=\"noreferrer noopener\" aria-label=\" (abre numa nova aba)\" href=\"http:\/\/lattes.cnpq.br\/5592131370756851\" target=\"_blank\">Doris Rejane Fernandes<\/a>  <\/td><td><a href=\"https:\/\/historia.faccat.br\/wordpress\/wp-content\/uploads\/2019\/08\/2008_Paulo_Gilberto_Mossmann_Sobrinho.pdf\" target=\"_blank\" rel=\"noreferrer noopener\" aria-label=\"\ufffc (abre numa nova aba)\"><img loading=\"lazy\" decoding=\"async\" width=\"50\" height=\"50\" class=\"wp-image-231\" style=\"width: 50px;\" src=\"https:\/\/historia.faccat.br\/wordpress\/wp-content\/uploads\/2019\/08\/pdf-file-format-symbol.png\" alt=\"\" srcset=\"https:\/\/historia.faccat.br\/wordpress\/wp-content\/uploads\/2019\/08\/pdf-file-format-symbol.png 512w, https:\/\/historia.faccat.br\/wordpress\/wp-content\/uploads\/2019\/08\/pdf-file-format-symbol-150x150.png 150w, https:\/\/historia.faccat.br\/wordpress\/wp-content\/uploads\/2019\/08\/pdf-file-format-symbol-300x300.png 300w\" sizes=\"auto, (max-width: 50px) 100vw, 50px\" \/><\/a><a rel=\"noreferrer noopener\" aria-label=\"\ufffc (abre numa nova aba)\" href=\"https:\/\/historia.faccat.br\/wp-content\/uploads\/2019\/08\/2008_Paulo_Gilberto_Mossmann_Sobrinho.pdf\" target=\"_blank\"><\/a><\/td><\/tr><tr><td><strong>Pelos caminhos do trem: mem\u00f3rias e percep\u00e7\u00f5es da retirada dos trilhos<\/strong><br> Autor: Renato Francisco Schnorr<br> Orientador: <a rel=\"noreferrer noopener\" aria-label=\" (abre numa nova aba)\" href=\"http:\/\/lattes.cnpq.br\/5592131370756851\" target=\"_blank\">Doris Rejane Fernandes<\/a><br> Avaliadores: <a href=\"http:\/\/lattes.cnpq.br\/8296134223783851\" target=\"_blank\" rel=\"noreferrer noopener\" aria-label=\" (abre numa nova aba)\">Elaine Smaniotto<\/a> e <a rel=\"noreferrer noopener\" aria-label=\" (abre numa nova aba)\" href=\"http:\/\/lattes.cnpq.br\/0120499154280445\" target=\"_blank\">Daniel Luciano Gevehr<\/a>  <\/td><td><\/td><\/tr><tr><td> <strong>O cotidiano de uma col\u00f4nia alem\u00e3 atrav\u00e9s da narrativa de um pastor evang\u00e9lico luterano: Rio da Ilha &#8211; RS- 1926<\/strong><br> Autor: Vera Eunice O. de Souza<br> Orientador: <a rel=\"noreferrer noopener\" aria-label=\" (abre numa nova aba)\" href=\"http:\/\/lattes.cnpq.br\/0120499154280445\" target=\"_blank\">Daniel Luciano Gevehr<\/a><br> Avaliadores: <a href=\"http:\/\/lattes.cnpq.br\/0407489410040797\" target=\"_blank\" rel=\"noreferrer noopener\" aria-label=\" (abre numa nova aba)\">Dalva Reinheimer<\/a> e <a rel=\"noreferrer noopener\" aria-label=\" (abre numa nova aba)\" href=\"http:\/\/lattes.cnpq.br\/5592131370756851\" target=\"_blank\">Doris Rejane Fernandes<\/a>  <\/td><td><\/td><\/tr><\/tbody><\/table>\n\n\n\n<div class=\"wp-block-button aligncenter is-style-squared\"><a class=\"wp-block-button__link has-background has-vivid-red-background-color\" href=\"https:\/\/historia.faccat.br\/wordpress\/index.php\/curso\/\">Voltar<\/a><\/div>\n","protected":false},"excerpt":{"rendered":"<p>Para acessar a monografia \u00e9 necess\u00e1rio clicar no \u00edcone . Observa\u00e7\u00e3o:* Todos os trabalhos est\u00e3o em formato .pdf.** Os trabalhos que n\u00e3o est\u00e3o acess\u00edveis \u00e9 porque tiraram nota inferior a 8,5 ou n\u00e3o foi enviado pelo autor. Parob\u00e9: Desvendando sua Hist\u00f3ria Autor: Eloisa Helena da Silva Orientador: Doris Rejane Fernandes Avaliadores: Elaine Smaniotto e Daniel [&hellip;]<\/p>\n","protected":false},"author":1,"featured_media":0,"parent":0,"menu_order":0,"comment_status":"closed","ping_status":"closed","template":"","meta":{"footnotes":""},"class_list":["post-190","page","type-page","status-publish","hentry"],"_links":{"self":[{"href":"https:\/\/historia.faccat.br\/wordpress\/index.php\/wp-json\/wp\/v2\/pages\/190","targetHints":{"allow":["GET"]}}],"collection":[{"href":"https:\/\/historia.faccat.br\/wordpress\/index.php\/wp-json\/wp\/v2\/pages"}],"about":[{"href":"https:\/\/historia.faccat.br\/wordpress\/index.php\/wp-json\/wp\/v2\/types\/page"}],"author":[{"embeddable":true,"href":"https:\/\/historia.faccat.br\/wordpress\/index.php\/wp-json\/wp\/v2\/users\/1"}],"replies":[{"embeddable":true,"href":"https:\/\/historia.faccat.br\/wordpress\/index.php\/wp-json\/wp\/v2\/comments?post=190"}],"version-history":[{"count":16,"href":"https:\/\/historia.faccat.br\/wordpress\/index.php\/wp-json\/wp\/v2\/pages\/190\/revisions"}],"predecessor-version":[{"id":483,"href":"https:\/\/historia.faccat.br\/wordpress\/index.php\/wp-json\/wp\/v2\/pages\/190\/revisions\/483"}],"wp:attachment":[{"href":"https:\/\/historia.faccat.br\/wordpress\/index.php\/wp-json\/wp\/v2\/media?parent=190"}],"curies":[{"name":"wp","href":"https:\/\/api.w.org\/{rel}","templated":true}]}}