{"id":200,"date":"2019-07-31T19:43:44","date_gmt":"2019-07-31T22:43:44","guid":{"rendered":"https:\/\/historia.faccat.br\/?page_id=200"},"modified":"2019-10-19T10:48:41","modified_gmt":"2019-10-19T13:48:41","slug":"2013-2","status":"publish","type":"page","link":"https:\/\/historia.faccat.br\/wordpress\/index.php\/2013-2\/","title":{"rendered":"2013"},"content":{"rendered":"\n<p> Para acessar a monografia \u00e9 necess\u00e1rio clicar no \u00edcone  <img loading=\"lazy\" decoding=\"async\" width=\"20\" height=\"20\" class=\"wp-image-231\" style=\"width: 20px;\" src=\"https:\/\/historia.faccat.br\/wp-content\/uploads\/2019\/08\/pdf-file-format-symbol.png\" alt=\"\" srcset=\"https:\/\/historia.faccat.br\/wordpress\/wp-content\/uploads\/2019\/08\/pdf-file-format-symbol.png 512w, https:\/\/historia.faccat.br\/wordpress\/wp-content\/uploads\/2019\/08\/pdf-file-format-symbol-150x150.png 150w, https:\/\/historia.faccat.br\/wordpress\/wp-content\/uploads\/2019\/08\/pdf-file-format-symbol-300x300.png 300w\" sizes=\"auto, (max-width: 20px) 100vw, 20px\" \/>.<\/p>\n\n\n\n<p class=\"has-small-font-size\">Observa\u00e7\u00e3o:<br>* Todos os trabalhos est\u00e3o em formato .pdf.<br>** Os trabalhos que n\u00e3o est\u00e3o acess\u00edveis \u00e9 porque tiraram nota inferior a 8,5 ou n\u00e3o foi enviado pelo autor.   <\/p>\n\n\n\n<table class=\"wp-block-table has-subtle-pale-pink-background-color has-background is-style-stripes\"><tbody><tr><td><strong>Quilombos e quilombolas: a trajet\u00f3ria de resist\u00eancia e luta na comunidade remanescente do Pared\u00e3o Baixo em Taquara\/RS<\/strong><br>Autor: Andrea Regina Ramos<br>Orientador:&nbsp;<a href=\"http:\/\/lattes.cnpq.br\/8296134223783851\">Elaine Smaniotto<\/a><br>Avaliadores:&nbsp;<a href=\"http:\/\/lattes.cnpq.br\/5592131370756851\">Doris Rejane Fernandes<\/a>&nbsp;e Giovana Cristine M\u00f6ller Farias <\/td><td><a href=\"https:\/\/historia.faccat.br\/wordpress\/wp-content\/uploads\/2019\/08\/2013_Andrea_Regina_Ramos.pdf\" target=\"_blank\" rel=\"noreferrer noopener\" aria-label=\"\ufffc (abre numa nova aba)\"><img loading=\"lazy\" decoding=\"async\" width=\"25\" height=\"25\" class=\"wp-image-231\" style=\"width: 25px;\" src=\"https:\/\/historia.faccat.br\/wp-content\/uploads\/2019\/08\/pdf-file-format-symbol.png\" alt=\"\" srcset=\"https:\/\/historia.faccat.br\/wordpress\/wp-content\/uploads\/2019\/08\/pdf-file-format-symbol.png 512w, https:\/\/historia.faccat.br\/wordpress\/wp-content\/uploads\/2019\/08\/pdf-file-format-symbol-150x150.png 150w, https:\/\/historia.faccat.br\/wordpress\/wp-content\/uploads\/2019\/08\/pdf-file-format-symbol-300x300.png 300w\" sizes=\"auto, (max-width: 25px) 100vw, 25px\" \/><\/a><\/td><\/tr><tr><td> <strong>Do lar para \u00e0 ind\u00fastria cal\u00e7adista: o trabalho de oper\u00e1rias no munic\u00edpio de Rolante (1970-1990)<\/strong><br>Autor:&nbsp;Andr\u00e9a Arnhold Petry<br>Orientador:&nbsp;<a href=\"http:\/\/lattes.cnpq.br\/8296134223783851\">Elaine Smaniotto<\/a><br>Avaliadores:&nbsp;<a href=\"http:\/\/lattes.cnpq.br\/8540574983975710\">Mara Regina Garcia Cambruzzi<\/a>&nbsp;e&nbsp;<a href=\"http:\/\/lattes.cnpq.br\/0120499154280445\">Daniel Luciano Gevehr<\/a> <\/td><td><\/td><\/tr><tr><td><strong>Cooperativa dos Produtores de Leite Rolantense &#8211; CAPROL<\/strong><br>Autor: Fabiana Reichert<br>Orientador:&nbsp;<a href=\"http:\/\/lattes.cnpq.br\/5592131370756851\">Doris Rejane Fernandes<\/a><br>Avaliadores:&nbsp;<a href=\"http:\/\/lattes.cnpq.br\/0407489410040797\">Dalva Reinheimer<\/a>&nbsp;e&nbsp;<a href=\"http:\/\/lattes.cnpq.br\/8296134223783851\">Elaine Smaniotto<\/a> <\/td><td><\/td><\/tr><tr><td><strong>O plano de metas e a quest\u00e3o do transporte rodovi\u00e1rio no Brasil<\/strong><br>Autor: Fernanda Bas\u00edlio Fernandes<br>Orientador:&nbsp;<a href=\"http:\/\/lattes.cnpq.br\/8296134223783851\">Elaine Smaniotto<\/a><br>Avaliadores:&nbsp;<a href=\"http:\/\/lattes.cnpq.br\/0407489410040797\">Dalva Reinheimer<\/a>&nbsp;e Camila Martini Diehl <\/td><td><a href=\"https:\/\/historia.faccat.br\/wordpress\/wp-content\/uploads\/2019\/08\/2013_Fernanda_Fernandes.pdf\" target=\"_blank\" rel=\"noreferrer noopener\" aria-label=\"\ufffc (abre numa nova aba)\"><img loading=\"lazy\" decoding=\"async\" width=\"25\" height=\"25\" class=\"wp-image-231\" style=\"width: 25px;\" src=\"https:\/\/historia.faccat.br\/wp-content\/uploads\/2019\/08\/pdf-file-format-symbol.png\" alt=\"\" srcset=\"https:\/\/historia.faccat.br\/wordpress\/wp-content\/uploads\/2019\/08\/pdf-file-format-symbol.png 512w, https:\/\/historia.faccat.br\/wordpress\/wp-content\/uploads\/2019\/08\/pdf-file-format-symbol-150x150.png 150w, https:\/\/historia.faccat.br\/wordpress\/wp-content\/uploads\/2019\/08\/pdf-file-format-symbol-300x300.png 300w\" sizes=\"auto, (max-width: 25px) 100vw, 25px\" \/><\/a><\/td><\/tr><tr><td><strong>A coloniza\u00e7\u00e3o \u00e0s margens do Rio dos Sinos e as modifica\u00e7\u00f5es do espa\u00e7o natural 1850-1900<\/strong><br>Autor: Jaciara Brizolla Moraes Bueno<br>Orientador:&nbsp;<a href=\"http:\/\/lattes.cnpq.br\/0407489410040797\">Dalva Reinheimer<\/a><br>Avaliadores:&nbsp;<a href=\"http:\/\/lattes.cnpq.br\/5004407197335303\">Marcos Antonio Witt<\/a>&nbsp;e&nbsp;<a href=\"http:\/\/lattes.cnpq.br\/0540329778492972\">Andrea Helena Petry Rahmeier<\/a> <\/td><td><a href=\"https:\/\/historia.faccat.br\/wordpress\/wp-content\/uploads\/2019\/08\/2013_Jaciara_Brizolla_Moraes_Bueno.pdf\" target=\"_blank\" rel=\"noreferrer noopener\" aria-label=\"\ufffc (abre numa nova aba)\"><img loading=\"lazy\" decoding=\"async\" width=\"25\" height=\"25\" class=\"wp-image-231\" style=\"width: 25px;\" src=\"https:\/\/historia.faccat.br\/wp-content\/uploads\/2019\/08\/pdf-file-format-symbol.png\" alt=\"\" srcset=\"https:\/\/historia.faccat.br\/wordpress\/wp-content\/uploads\/2019\/08\/pdf-file-format-symbol.png 512w, https:\/\/historia.faccat.br\/wordpress\/wp-content\/uploads\/2019\/08\/pdf-file-format-symbol-150x150.png 150w, https:\/\/historia.faccat.br\/wordpress\/wp-content\/uploads\/2019\/08\/pdf-file-format-symbol-300x300.png 300w\" sizes=\"auto, (max-width: 25px) 100vw, 25px\" \/><\/a><\/td><\/tr><tr><td><strong>A imprensa ga\u00facha e sua manipula\u00e7\u00e3o pol\u00edtica como ferramenta para a legitima\u00e7\u00e3o e consolida\u00e7\u00e3o do Estado Novo<\/strong><br>Autor: Jorge Lu\u00eds da Silva<br>Orientador:&nbsp;<a href=\"http:\/\/lattes.cnpq.br\/5592131370756851\">Doris Rejane Fernandes<\/a><br>Avaliadores: Lodeir Santos de Souza e&nbsp;<a href=\"http:\/\/lattes.cnpq.br\/0407489410040797\">Dalva Reinheimer<\/a> <\/td><td><\/td><\/tr><tr><td><strong>Era Vargas: um olhar sobre os movimentos anticomunista<\/strong><br>Autor: Loiva Souza de Ara\u00fajo<br>Orientador:&nbsp;<a href=\"http:\/\/lattes.cnpq.br\/0120499154280445\">Daniel Luciano Gevehr<\/a><br>Avaliadores:&nbsp;<a href=\"http:\/\/lattes.cnpq.br\/1745232693555373\">Jair Augustinho de Oliveira<\/a>&nbsp;e&nbsp;<a href=\"http:\/\/lattes.cnpq.br\/9161566640553151\">Sandra Donner<\/a> <\/td><td><\/td><\/tr><tr><td><strong>Eva, Maria e Maria Madalena: as representa\u00e7\u00f5es de mulheres nos s\u00e9culos XII &#8211; XIII<\/strong><br>Autor:&nbsp;Luana Maria Moura de Oliveira Wingert<br>Orientador:&nbsp;<a href=\"http:\/\/lattes.cnpq.br\/8296134223783851\">Elaine Smaniotto<\/a><br>Avaliadores:&nbsp;<a href=\"http:\/\/lattes.cnpq.br\/0120499154280445\">Daniel Luciano Gevehr<\/a>&nbsp;e&nbsp;<a href=\"http:\/\/lattes.cnpq.br\/8540574983975710\">Mara Regina Garcia Cambruzzi<\/a> <\/td><td><a href=\"https:\/\/historia.faccat.br\/wordpress\/wp-content\/uploads\/2019\/08\/2013_Luana_Moura_Wingert.pdf\" target=\"_blank\" rel=\"noreferrer noopener\" aria-label=\"\ufffc (abre numa nova aba)\"><img loading=\"lazy\" decoding=\"async\" width=\"25\" height=\"25\" class=\"wp-image-231\" style=\"width: 25px;\" src=\"https:\/\/historia.faccat.br\/wp-content\/uploads\/2019\/08\/pdf-file-format-symbol.png\" alt=\"\" srcset=\"https:\/\/historia.faccat.br\/wordpress\/wp-content\/uploads\/2019\/08\/pdf-file-format-symbol.png 512w, https:\/\/historia.faccat.br\/wordpress\/wp-content\/uploads\/2019\/08\/pdf-file-format-symbol-150x150.png 150w, https:\/\/historia.faccat.br\/wordpress\/wp-content\/uploads\/2019\/08\/pdf-file-format-symbol-300x300.png 300w\" sizes=\"auto, (max-width: 25px) 100vw, 25px\" \/><\/a><\/td><\/tr><tr><td><strong>A iconografia sobre o per\u00edodo medieval em livros did\u00e1ticos: possibilidades de ensino no desenvolvimento de compet\u00eancias e habilidades<\/strong><br>Autor:&nbsp;Lu\u00eds Henrique da Silva Comiotto<br>Orientador:&nbsp;<a href=\"http:\/\/lattes.cnpq.br\/8296134223783851\">Elaine Smaniotto<\/a><br>Avaliadores:&nbsp;<a href=\"http:\/\/lattes.cnpq.br\/0407489410040797\">Dalva Reinheimer<\/a>&nbsp;e Elisa Machado <\/td><td><\/td><\/tr><tr><td><strong>O estilo Teixeirinha: muito al\u00e9m de espa\u00e7os e defini\u00e7\u00f5es<\/strong><br>Autor:&nbsp;Manuela Pereira da Rosa<br>Orientador:&nbsp;<a href=\"http:\/\/lattes.cnpq.br\/0407489410040797\">Dalva Reinheimer<\/a><br>Avaliadores:&nbsp;<a href=\"http:\/\/lattes.cnpq.br\/3706267373118765\">Pedro Orsi Vargas<\/a>&nbsp;e&nbsp;<a href=\"http:\/\/lattes.cnpq.br\/9161566640553151\">Sandra Donner<\/a> <\/td><td><\/td><\/tr><tr><td><strong>A banaliza\u00e7\u00e3o da morte na Segunda Guerra Mundial: o holocausto e as experi\u00eancias nazistas nos campos de concentra\u00e7\u00e3o<\/strong><br>Autor:&nbsp;Marlis Ediane Morsch<br>Orientador:&nbsp;<a href=\"http:\/\/lattes.cnpq.br\/0120499154280445\">Daniel Luciano Gevehr<\/a><br>Avaliadores:&nbsp;<a href=\"http:\/\/lattes.cnpq.br\/5575466272063930\">Guilherme Duarte<\/a>&nbsp;e&nbsp;<a href=\"http:\/\/lattes.cnpq.br\/0540329778492972\">Andrea Helena Petry Rahmeier<\/a> <\/td><td><a href=\"https:\/\/historia.faccat.br\/wordpress\/wp-content\/uploads\/2019\/08\/2013_Marlis_Mosch.pdf\" target=\"_blank\" rel=\"noreferrer noopener\" aria-label=\"\ufffc (abre numa nova aba)\"><img loading=\"lazy\" decoding=\"async\" width=\"25\" height=\"25\" class=\"wp-image-231\" style=\"width: 25px;\" src=\"https:\/\/historia.faccat.br\/wp-content\/uploads\/2019\/08\/pdf-file-format-symbol.png\" alt=\"\" srcset=\"https:\/\/historia.faccat.br\/wordpress\/wp-content\/uploads\/2019\/08\/pdf-file-format-symbol.png 512w, https:\/\/historia.faccat.br\/wordpress\/wp-content\/uploads\/2019\/08\/pdf-file-format-symbol-150x150.png 150w, https:\/\/historia.faccat.br\/wordpress\/wp-content\/uploads\/2019\/08\/pdf-file-format-symbol-300x300.png 300w\" sizes=\"auto, (max-width: 25px) 100vw, 25px\" \/><\/a><\/td><\/tr><tr><td><strong>Representa\u00e7\u00f5es do espiritismo Kardecista na telenovela A Viagem<\/strong><br>Autor:&nbsp;<a href=\"http:\/\/lattes.cnpq.br\/6003442034964801\">Sidin\u00e9ia Santiago Rodrigues<\/a><br>Orientador:&nbsp;<a href=\"http:\/\/lattes.cnpq.br\/8296134223783851\">Elaine Smaniotto<\/a><br>Avaliadores:&nbsp;<a href=\"http:\/\/lattes.cnpq.br\/5592131370756851\">Doris Rejane Fernandes<\/a>&nbsp;e&nbsp;<a href=\"http:\/\/lattes.cnpq.br\/6138096695344622\">Uriel Dutra<\/a> <\/td><td><\/td><\/tr><tr><td><strong>A liberdade da mulher analisada atrav\u00e9s do vestu\u00e1rio no per\u00edodo entre guerras (1918-1939)<\/strong><br>Autor:&nbsp;Valdin\u00e9a do Amaral Rodrigues<br>Orientador:&nbsp;<a href=\"http:\/\/lattes.cnpq.br\/0120499154280445\">Daniel Luciano Gevehr<\/a><br>Avaliadores:&nbsp;<a href=\"http:\/\/lattes.cnpq.br\/0407489410040797\">Dalva Reinheimer<\/a>&nbsp;e&nbsp;<a href=\"http:\/\/lattes.cnpq.br\/0540329778492972\">Andrea Helena Petry Rahmeier<\/a> <\/td><td><\/td><\/tr><tr><td><strong>A mulher burguesa nos anos dourados: seu comportamento e sua inclus\u00e3o no mercado de trabalho<\/strong><br>Autor:&nbsp;Vanuza Alves Mittanck<br>Orientador:&nbsp;<a href=\"http:\/\/lattes.cnpq.br\/5592131370756851\">Doris Rejane Fernandes<\/a><br>Avaliadores:&nbsp;<a href=\"http:\/\/lattes.cnpq.br\/0407489410040797\">Dalva Reinheimer<\/a>&nbsp;e&nbsp;<a href=\"http:\/\/lattes.cnpq.br\/1142838618418632\">Priscila Dione Machado Sartori<\/a> <\/td><td><a href=\"https:\/\/historia.faccat.br\/wordpress\/wp-content\/uploads\/2019\/08\/2013_Vanuza_Mittanck.pdf\" target=\"_blank\" rel=\"noreferrer noopener\" aria-label=\"\ufffc (abre numa nova aba)\"><img loading=\"lazy\" decoding=\"async\" width=\"25\" height=\"25\" class=\"wp-image-231\" style=\"width: 25px;\" src=\"https:\/\/historia.faccat.br\/wp-content\/uploads\/2019\/08\/pdf-file-format-symbol.png\" alt=\"\" srcset=\"https:\/\/historia.faccat.br\/wordpress\/wp-content\/uploads\/2019\/08\/pdf-file-format-symbol.png 512w, https:\/\/historia.faccat.br\/wordpress\/wp-content\/uploads\/2019\/08\/pdf-file-format-symbol-150x150.png 150w, https:\/\/historia.faccat.br\/wordpress\/wp-content\/uploads\/2019\/08\/pdf-file-format-symbol-300x300.png 300w\" sizes=\"auto, (max-width: 25px) 100vw, 25px\" \/><\/a><\/td><\/tr><tr><td><strong>As mulheres e a Igreja na Idade M\u00e9dia: misoginia, demoniza\u00e7\u00e3o e ca\u00e7a \u00e0s bruxas<\/strong><br>Autor:&nbsp;Vera Lucia de Souza<br>Orientador:&nbsp;<a href=\"http:\/\/lattes.cnpq.br\/0120499154280445\">Daniel Luciano Gevehr<\/a><br>Avaliadores:&nbsp;<a href=\"http:\/\/lattes.cnpq.br\/9281021565713637\">Ana Paula Moutinho Ferraz<\/a>&nbsp;e&nbsp;<a href=\"http:\/\/lattes.cnpq.br\/9161566640553151\">Sandra Donner<\/a> <\/td><td><\/td><\/tr><tr><td><strong>Festival O Ronco do Bugio (1986-2012)<\/strong><br>Autor:&nbsp;Zadir Neila Vasem Klein<br>Orientador:&nbsp;<a href=\"http:\/\/lattes.cnpq.br\/8296134223783851\">Elaine Smaniotto<\/a><br>Avaliadores:&nbsp;<a href=\"http:\/\/lattes.cnpq.br\/0407489410040797\">Dalva Reinheimer<\/a>&nbsp;e&nbsp;<a href=\"http:\/\/lattes.cnpq.br\/5592131370756851\">Doris Rejane Fernandes<\/a> <\/td><td><\/td><\/tr><\/tbody><\/table>\n\n\n\n<div class=\"wp-block-button aligncenter is-style-squared\"><a class=\"wp-block-button__link has-background has-vivid-red-background-color\" href=\"https:\/\/historia.faccat.br\/wordpress\/index.php\/curso\/\">Voltar<\/a><\/div>\n","protected":false},"excerpt":{"rendered":"<p>Para acessar a monografia \u00e9 necess\u00e1rio clicar no \u00edcone . Observa\u00e7\u00e3o:* Todos os trabalhos est\u00e3o em formato .pdf.** Os trabalhos que n\u00e3o est\u00e3o acess\u00edveis \u00e9 porque tiraram nota inferior a 8,5 ou n\u00e3o foi enviado pelo autor. Quilombos e quilombolas: a trajet\u00f3ria de resist\u00eancia e luta na comunidade remanescente do Pared\u00e3o Baixo em Taquara\/RSAutor: Andrea [&hellip;]<\/p>\n","protected":false},"author":1,"featured_media":0,"parent":0,"menu_order":0,"comment_status":"closed","ping_status":"closed","template":"","meta":{"footnotes":""},"class_list":["post-200","page","type-page","status-publish","hentry"],"_links":{"self":[{"href":"https:\/\/historia.faccat.br\/wordpress\/index.php\/wp-json\/wp\/v2\/pages\/200","targetHints":{"allow":["GET"]}}],"collection":[{"href":"https:\/\/historia.faccat.br\/wordpress\/index.php\/wp-json\/wp\/v2\/pages"}],"about":[{"href":"https:\/\/historia.faccat.br\/wordpress\/index.php\/wp-json\/wp\/v2\/types\/page"}],"author":[{"embeddable":true,"href":"https:\/\/historia.faccat.br\/wordpress\/index.php\/wp-json\/wp\/v2\/users\/1"}],"replies":[{"embeddable":true,"href":"https:\/\/historia.faccat.br\/wordpress\/index.php\/wp-json\/wp\/v2\/comments?post=200"}],"version-history":[{"count":5,"href":"https:\/\/historia.faccat.br\/wordpress\/index.php\/wp-json\/wp\/v2\/pages\/200\/revisions"}],"predecessor-version":[{"id":498,"href":"https:\/\/historia.faccat.br\/wordpress\/index.php\/wp-json\/wp\/v2\/pages\/200\/revisions\/498"}],"wp:attachment":[{"href":"https:\/\/historia.faccat.br\/wordpress\/index.php\/wp-json\/wp\/v2\/media?parent=200"}],"curies":[{"name":"wp","href":"https:\/\/api.w.org\/{rel}","templated":true}]}}