{"id":202,"date":"2019-07-31T19:43:54","date_gmt":"2019-07-31T22:43:54","guid":{"rendered":"https:\/\/historia.faccat.br\/?page_id=202"},"modified":"2019-10-19T10:58:55","modified_gmt":"2019-10-19T13:58:55","slug":"2014-2","status":"publish","type":"page","link":"https:\/\/historia.faccat.br\/wordpress\/index.php\/2014-2\/","title":{"rendered":"2014"},"content":{"rendered":"\n<p> Para acessar a monografia \u00e9 necess\u00e1rio clicar no \u00edcone  <img loading=\"lazy\" decoding=\"async\" width=\"20\" height=\"20\" class=\"wp-image-231\" style=\"width: 20px;\" src=\"https:\/\/historia.faccat.br\/wp-content\/uploads\/2019\/08\/pdf-file-format-symbol.png\" alt=\"\" srcset=\"https:\/\/historia.faccat.br\/wordpress\/wp-content\/uploads\/2019\/08\/pdf-file-format-symbol.png 512w, https:\/\/historia.faccat.br\/wordpress\/wp-content\/uploads\/2019\/08\/pdf-file-format-symbol-150x150.png 150w, https:\/\/historia.faccat.br\/wordpress\/wp-content\/uploads\/2019\/08\/pdf-file-format-symbol-300x300.png 300w\" sizes=\"auto, (max-width: 20px) 100vw, 20px\" \/>.<\/p>\n\n\n\n<p class=\"has-small-font-size\">Observa\u00e7\u00e3o:<br>* Todos os trabalhos est\u00e3o em formato .pdf.<br>** Os trabalhos que n\u00e3o est\u00e3o acess\u00edveis \u00e9 porque tiraram nota inferior a 8,5 ou n\u00e3o foi enviado pelo autor.   <\/p>\n\n\n\n<table class=\"wp-block-table has-subtle-pale-pink-background-color has-background is-style-stripes\"><tbody><tr><td><strong>A contribui\u00e7\u00e3o de Malcolm X na luta pelos direitos civis norte-americanos na d\u00e9cada de 1960<\/strong><br>Autor: Camila de Castro Luft<br>Orientador:&nbsp;<a href=\"http:\/\/lattes.cnpq.br\/9161566640553151\">Sandra Donner<\/a><br>Avaliadores:&nbsp;<a href=\"http:\/\/lattes.cnpq.br\/0540329778492972\">Andrea Helena Petry&nbsp;Rahmeier<\/a> <\/td><td><\/td><\/tr><tr><td><strong>A mulher m\u00e3e e esposa na sociedade colonial<\/strong><br>Autor: Dione Ta\u00eds Mello<br>Orientador:&nbsp;<a href=\"http:\/\/lattes.cnpq.br\/0407489410040797\">Dalva Reinheimer<\/a><br>Avaliadores:&nbsp;<a href=\"http:\/\/lattes.cnpq.br\/0540329778492972\">Andrea Helena Petry&nbsp;Rahmeier<\/a>&nbsp;e Camila Martini Diehl <\/td><td><\/td><\/tr><tr><td><strong>Parob\u00e9: um trem, uma esta\u00e7\u00e3o, um nome, uma hist\u00f3ria<\/strong><br>Autor: Fabiana Machado dos Santos<br>Orientador:&nbsp;<a href=\"http:\/\/lattes.cnpq.br\/0120499154280445\">Daniel Luciano Gevehr<\/a><br>Avaliadores:&nbsp;<a href=\"http:\/\/lattes.cnpq.br\/2639931371900234\">Aline Nandi<\/a>&nbsp;e&nbsp;<a href=\"http:\/\/lattes.cnpq.br\/0703815781833057\">V\u00e2nia In\u00eas \u00c1vila Priamo<\/a> <\/td><td><\/td><\/tr><tr><td> <strong>O poder ideol\u00f3gico do discurso historiogr\u00e1fico: Othelo Rosa e a produ\u00e7\u00e3o do imagin\u00e1rio sobre o ga\u00facho<\/strong><br>Autor:&nbsp;<a href=\"http:\/\/lattes.cnpq.br\/1913805221106454\">Fl\u00e1vio Ferreira<\/a><br>Orientador:&nbsp;<a href=\"http:\/\/lattes.cnpq.br\/0120499154280445\">Daniel Luciano Gevehr<\/a><br>Avaliadores:&nbsp;<a href=\"http:\/\/lattes.cnpq.br\/1260635590703078\">Luciane Wagner Raupp<\/a>&nbsp;e&nbsp;<a href=\"http:\/\/lattes.cnpq.br\/0432218853026527\">Maicon Rodrigues<\/a> <\/td><td><a href=\"https:\/\/historia.faccat.br\/wordpress\/wp-content\/uploads\/2019\/08\/2014_Flavio_Ferreira.pdf\" target=\"_blank\" rel=\"noreferrer noopener\" aria-label=\"\ufffc (abre numa nova aba)\"><img loading=\"lazy\" decoding=\"async\" width=\"25\" height=\"25\" class=\"wp-image-231\" style=\"width: 25px;\" src=\"https:\/\/historia.faccat.br\/wp-content\/uploads\/2019\/08\/pdf-file-format-symbol.png\" alt=\"\" srcset=\"https:\/\/historia.faccat.br\/wordpress\/wp-content\/uploads\/2019\/08\/pdf-file-format-symbol.png 512w, https:\/\/historia.faccat.br\/wordpress\/wp-content\/uploads\/2019\/08\/pdf-file-format-symbol-150x150.png 150w, https:\/\/historia.faccat.br\/wordpress\/wp-content\/uploads\/2019\/08\/pdf-file-format-symbol-300x300.png 300w\" sizes=\"auto, (max-width: 25px) 100vw, 25px\" \/><\/a><\/td><\/tr><tr><td><strong>A Escola Superior de Guerra: a influ\u00eancia estadunidense no cen\u00e1rio militar brasileiro desde 1948 at\u00e9 o golpe militar em 1964<\/strong><br>Autor: Gabriela Pereira Stange<br>Orientador:&nbsp;<a href=\"http:\/\/lattes.cnpq.br\/0540329778492972\">Andrea Helena Petry&nbsp;Rahmeier<\/a><br>Avaliadores:&nbsp;<a href=\"http:\/\/lattes.cnpq.br\/9161566640553151\">Sandra Donner<\/a>&nbsp;e&nbsp;<a href=\"http:\/\/lattes.cnpq.br\/0692884766655521\">Rodrigo Perla Martins<\/a> <\/td><td><a href=\"https:\/\/historia.faccat.br\/wordpress\/wp-content\/uploads\/2019\/08\/2014_Gabriela_Pereira_Stange.pdf\" target=\"_blank\" rel=\"noreferrer noopener\" aria-label=\"\ufffc (abre numa nova aba)\"><img loading=\"lazy\" decoding=\"async\" width=\"25\" height=\"25\" class=\"wp-image-231\" style=\"width: 25px;\" src=\"https:\/\/historia.faccat.br\/wp-content\/uploads\/2019\/08\/pdf-file-format-symbol.png\" alt=\"\" srcset=\"https:\/\/historia.faccat.br\/wordpress\/wp-content\/uploads\/2019\/08\/pdf-file-format-symbol.png 512w, https:\/\/historia.faccat.br\/wordpress\/wp-content\/uploads\/2019\/08\/pdf-file-format-symbol-150x150.png 150w, https:\/\/historia.faccat.br\/wordpress\/wp-content\/uploads\/2019\/08\/pdf-file-format-symbol-300x300.png 300w\" sizes=\"auto, (max-width: 25px) 100vw, 25px\" \/><\/a><\/td><\/tr><tr><td><strong> O negro no complexo charqueador pelotense: as estrat\u00e9gias de resist\u00eancia elaborados pelos escravos na zona fabris charqueadora no final do s\u00e9culo XVII at\u00e9 meados do s\u00e9culo XIX (1780 a 187)<\/strong><br>Autor: J\u00falia Paola Pandolfo<br>Orientador:&nbsp;<a href=\"http:\/\/lattes.cnpq.br\/5592131370756851\">Doris Rejane Fernandes<\/a><br>Avaliadores:&nbsp;<a href=\"http:\/\/lattes.cnpq.br\/0407489410040797\">Dalva Reinheimer<\/a>&nbsp;e Giovana Cristine M\u00f6ller de Farias <\/td><td><a href=\"https:\/\/historia.faccat.br\/wordpress\/wp-content\/uploads\/2019\/08\/2014_Julia_Pandolfo.pdf\" target=\"_blank\" rel=\"noreferrer noopener\" aria-label=\"\ufffc (abre numa nova aba)\"><img loading=\"lazy\" decoding=\"async\" width=\"25\" height=\"25\" class=\"wp-image-231\" style=\"width: 25px;\" src=\"https:\/\/historia.faccat.br\/wp-content\/uploads\/2019\/08\/pdf-file-format-symbol.png\" alt=\"\" srcset=\"https:\/\/historia.faccat.br\/wordpress\/wp-content\/uploads\/2019\/08\/pdf-file-format-symbol.png 512w, https:\/\/historia.faccat.br\/wordpress\/wp-content\/uploads\/2019\/08\/pdf-file-format-symbol-150x150.png 150w, https:\/\/historia.faccat.br\/wordpress\/wp-content\/uploads\/2019\/08\/pdf-file-format-symbol-300x300.png 300w\" sizes=\"auto, (max-width: 25px) 100vw, 25px\" \/><\/a><\/td><\/tr><tr><td><strong>O governo provis\u00f3rio de Vargas: um olhar sobre a escrita privada do presidente<\/strong><br>Autor:&nbsp;Leonardo Cardoso Wichinheski<br>Orientador:&nbsp;<a href=\"http:\/\/lattes.cnpq.br\/0540329778492972\">Andrea Helena Petry&nbsp;Rahmeier<\/a><br>Avaliadores:&nbsp;<a href=\"http:\/\/lattes.cnpq.br\/9670937037390742\">Rosane Marcia Neumann<\/a>&nbsp;e&nbsp;<a href=\"http:\/\/lattes.cnpq.br\/1260635590703078\">Luciane Wagner Raupp<\/a> <\/td><td><a href=\"https:\/\/historia.faccat.br\/wordpress\/wp-content\/uploads\/2019\/08\/2014_Leonardo_Cardoso_Wichinheski.pdf\" target=\"_blank\" rel=\"noreferrer noopener\" aria-label=\"\ufffc (abre numa nova aba)\"><img loading=\"lazy\" decoding=\"async\" width=\"25\" height=\"25\" class=\"wp-image-231\" style=\"width: 25px;\" src=\"https:\/\/historia.faccat.br\/wp-content\/uploads\/2019\/08\/pdf-file-format-symbol.png\" alt=\"\" srcset=\"https:\/\/historia.faccat.br\/wordpress\/wp-content\/uploads\/2019\/08\/pdf-file-format-symbol.png 512w, https:\/\/historia.faccat.br\/wordpress\/wp-content\/uploads\/2019\/08\/pdf-file-format-symbol-150x150.png 150w, https:\/\/historia.faccat.br\/wordpress\/wp-content\/uploads\/2019\/08\/pdf-file-format-symbol-300x300.png 300w\" sizes=\"auto, (max-width: 25px) 100vw, 25px\" \/><\/a><\/td><\/tr><tr><td><strong>Mem\u00f3ria, Identidade e Patrim\u00f4nio<\/strong><br>Autor: Micaela Tamires dos Santos<br>Orientador:&nbsp;<a href=\"http:\/\/lattes.cnpq.br\/0120499154280445\">Daniel Luciano Gevehr<\/a><br>Avaliadores:&nbsp;<a href=\"http:\/\/lattes.cnpq.br\/2639931371900234\">Aline Nandi&nbsp;<\/a>e&nbsp;<a href=\"http:\/\/lattes.cnpq.br\/0703815781833057\">V\u00e2nia In\u00eas \u00c1vila Priamo<\/a> <\/td><td><\/td><\/tr><tr><td><strong>Tradi\u00e7\u00e3o Umbu: a Pr\u00e9-Hist\u00f3ria deixou suas marcar na cidade de Taquara<\/strong><br>Autor: Rodrigo de Azevedo Biermann<br>Orientador:&nbsp;<a href=\"http:\/\/lattes.cnpq.br\/4927363787746537\">Jefferson Zuch Dias<\/a><br>Avaliadores:&nbsp;<a href=\"http:\/\/lattes.cnpq.br\/7963148769474775\">Jairo Henrique Rogge<\/a>&nbsp;e&nbsp;<a href=\"http:\/\/lattes.cnpq.br\/1550949708816025\">Juliane Puhl Gomes<\/a> <\/td><td><\/td><\/tr><tr><td><strong>O fasc\u00ednio da radionovela no Rio Grande do Sul<\/strong><br>Autor:&nbsp;T\u00e2nia Regina Stenert Corr\u00eaa<br>Orientador:&nbsp;<a href=\"http:\/\/lattes.cnpq.br\/0540329778492972\">Andrea Helena Petry&nbsp;Rahmeier<\/a><br>Avaliadores:&nbsp;<a href=\"http:\/\/lattes.cnpq.br\/9670937037390742\">Rosane Marcia Neumann<\/a>&nbsp;e&nbsp;<a href=\"http:\/\/lattes.cnpq.br\/1260635590703078\">Luciane Wagner Raupp<\/a> <\/td><td><a href=\"https:\/\/historia.faccat.br\/wordpress\/wp-content\/uploads\/2019\/08\/2014_T\u00e2nia_Regina_Stenert_Corr\u00eaa.pdf\" target=\"_blank\" rel=\"noreferrer noopener\" aria-label=\"\ufffc (abre numa nova aba)\"><img loading=\"lazy\" decoding=\"async\" width=\"25\" height=\"25\" class=\"wp-image-231\" style=\"width: 25px;\" src=\"https:\/\/historia.faccat.br\/wp-content\/uploads\/2019\/08\/pdf-file-format-symbol.png\" alt=\"\" srcset=\"https:\/\/historia.faccat.br\/wordpress\/wp-content\/uploads\/2019\/08\/pdf-file-format-symbol.png 512w, https:\/\/historia.faccat.br\/wordpress\/wp-content\/uploads\/2019\/08\/pdf-file-format-symbol-150x150.png 150w, https:\/\/historia.faccat.br\/wordpress\/wp-content\/uploads\/2019\/08\/pdf-file-format-symbol-300x300.png 300w\" sizes=\"auto, (max-width: 25px) 100vw, 25px\" \/><\/a><\/td><\/tr><tr><td><strong>A\u00e7\u00e3o e luta das mulheres no Brasil (1960-1980)<\/strong><br>Autor:&nbsp;Tatiane Mallach Dimer<br>Orientador:&nbsp;<a href=\"http:\/\/lattes.cnpq.br\/8296134223783851\">Elaine Smaniotto<\/a><br>Avaliadores:&nbsp;<a href=\"http:\/\/lattes.cnpq.br\/0540329778492972\">Andrea Helena Petry&nbsp;Rahmeier<\/a>&nbsp;e Jocelaine Rodrigues dos Santos <\/td><td><a href=\"https:\/\/historia.faccat.br\/wordpress\/wp-content\/uploads\/2019\/08\/2014_Tatiane_Dimer.pdf\" target=\"_blank\" rel=\"noreferrer noopener\" aria-label=\"\ufffc (abre numa nova aba)\"><img loading=\"lazy\" decoding=\"async\" width=\"25\" height=\"25\" class=\"wp-image-231\" style=\"width: 25px;\" src=\"https:\/\/historia.faccat.br\/wp-content\/uploads\/2019\/08\/pdf-file-format-symbol.png\" alt=\"\" srcset=\"https:\/\/historia.faccat.br\/wordpress\/wp-content\/uploads\/2019\/08\/pdf-file-format-symbol.png 512w, https:\/\/historia.faccat.br\/wordpress\/wp-content\/uploads\/2019\/08\/pdf-file-format-symbol-150x150.png 150w, https:\/\/historia.faccat.br\/wordpress\/wp-content\/uploads\/2019\/08\/pdf-file-format-symbol-300x300.png 300w\" sizes=\"auto, (max-width: 25px) 100vw, 25px\" \/><\/a><\/td><\/tr><tr><td> <strong>Da limpeza de Portugal \u00e0 chegada ao Brasil: degredados no Brasil colonial (s\u00e9culos XVI e XVII)<\/strong><br>Autor:&nbsp;Valdir dos Santos Silva<br>Orientador:&nbsp;<a href=\"http:\/\/lattes.cnpq.br\/8296134223783851\">Elaine Smaniotto<\/a><br>Avaliadores:&nbsp;<a href=\"http:\/\/lattes.cnpq.br\/0407489410040797\">Dalva Reinheimer<\/a>&nbsp;e&nbsp;<a href=\"http:\/\/lattes.cnpq.br\/4927363787746537\">Jefferson Zuch Dias<\/a> <\/td><td><a href=\"https:\/\/historia.faccat.br\/wordpress\/wp-content\/uploads\/2019\/08\/2014_Valdir_Santos_Silva.pdf\" target=\"_blank\" rel=\"noreferrer noopener\" aria-label=\"\ufffc (abre numa nova aba)\"><img loading=\"lazy\" decoding=\"async\" width=\"25\" height=\"25\" class=\"wp-image-231\" style=\"width: 25px;\" src=\"https:\/\/historia.faccat.br\/wp-content\/uploads\/2019\/08\/pdf-file-format-symbol.png\" alt=\"\" srcset=\"https:\/\/historia.faccat.br\/wordpress\/wp-content\/uploads\/2019\/08\/pdf-file-format-symbol.png 512w, https:\/\/historia.faccat.br\/wordpress\/wp-content\/uploads\/2019\/08\/pdf-file-format-symbol-150x150.png 150w, https:\/\/historia.faccat.br\/wordpress\/wp-content\/uploads\/2019\/08\/pdf-file-format-symbol-300x300.png 300w\" sizes=\"auto, (max-width: 25px) 100vw, 25px\" \/><\/a><\/td><\/tr><tr><td><strong>A evolu\u00e7\u00e3o dos equipamentos de combate a inc\u00eandios, sob uma perspectiva do corpo de bombeiros de Taquara<\/strong><br>Autor:&nbsp;Waldemar David Pereira Dias<br>Orientador:&nbsp;<a href=\"http:\/\/lattes.cnpq.br\/9161566640553151\">Sandra Donner<\/a><br>Avaliadores: Darlei Eduardo Franzen e&nbsp;<a href=\"http:\/\/lattes.cnpq.br\/5592131370756851\">Doris Rejane Fernandes<\/a> <\/td><td><a href=\"https:\/\/historia.faccat.br\/wordpress\/wp-content\/uploads\/2019\/08\/2014_Waldemar_Dias.pdf\" target=\"_blank\" rel=\"noreferrer noopener\" aria-label=\"\ufffc (abre numa nova aba)\"><img loading=\"lazy\" decoding=\"async\" width=\"25\" height=\"25\" class=\"wp-image-231\" style=\"width: 25px;\" src=\"https:\/\/historia.faccat.br\/wp-content\/uploads\/2019\/08\/pdf-file-format-symbol.png\" alt=\"\" srcset=\"https:\/\/historia.faccat.br\/wordpress\/wp-content\/uploads\/2019\/08\/pdf-file-format-symbol.png 512w, https:\/\/historia.faccat.br\/wordpress\/wp-content\/uploads\/2019\/08\/pdf-file-format-symbol-150x150.png 150w, https:\/\/historia.faccat.br\/wordpress\/wp-content\/uploads\/2019\/08\/pdf-file-format-symbol-300x300.png 300w\" sizes=\"auto, (max-width: 25px) 100vw, 25px\" \/><\/a><\/td><\/tr><\/tbody><\/table>\n\n\n\n<div class=\"wp-block-button aligncenter is-style-squared\"><a class=\"wp-block-button__link has-background has-vivid-red-background-color\" href=\"https:\/\/historia.faccat.br\/wordpress\/index.php\/curso\/\">Voltar<\/a><\/div>\n","protected":false},"excerpt":{"rendered":"<p>Para acessar a monografia \u00e9 necess\u00e1rio clicar no \u00edcone . Observa\u00e7\u00e3o:* Todos os trabalhos est\u00e3o em formato .pdf.** Os trabalhos que n\u00e3o est\u00e3o acess\u00edveis \u00e9 porque tiraram nota inferior a 8,5 ou n\u00e3o foi enviado pelo autor. A contribui\u00e7\u00e3o de Malcolm X na luta pelos direitos civis norte-americanos na d\u00e9cada de 1960Autor: Camila de Castro [&hellip;]<\/p>\n","protected":false},"author":1,"featured_media":0,"parent":0,"menu_order":0,"comment_status":"closed","ping_status":"closed","template":"","meta":{"footnotes":""},"class_list":["post-202","page","type-page","status-publish","hentry"],"_links":{"self":[{"href":"https:\/\/historia.faccat.br\/wordpress\/index.php\/wp-json\/wp\/v2\/pages\/202","targetHints":{"allow":["GET"]}}],"collection":[{"href":"https:\/\/historia.faccat.br\/wordpress\/index.php\/wp-json\/wp\/v2\/pages"}],"about":[{"href":"https:\/\/historia.faccat.br\/wordpress\/index.php\/wp-json\/wp\/v2\/types\/page"}],"author":[{"embeddable":true,"href":"https:\/\/historia.faccat.br\/wordpress\/index.php\/wp-json\/wp\/v2\/users\/1"}],"replies":[{"embeddable":true,"href":"https:\/\/historia.faccat.br\/wordpress\/index.php\/wp-json\/wp\/v2\/comments?post=202"}],"version-history":[{"count":4,"href":"https:\/\/historia.faccat.br\/wordpress\/index.php\/wp-json\/wp\/v2\/pages\/202\/revisions"}],"predecessor-version":[{"id":499,"href":"https:\/\/historia.faccat.br\/wordpress\/index.php\/wp-json\/wp\/v2\/pages\/202\/revisions\/499"}],"wp:attachment":[{"href":"https:\/\/historia.faccat.br\/wordpress\/index.php\/wp-json\/wp\/v2\/media?parent=202"}],"curies":[{"name":"wp","href":"https:\/\/api.w.org\/{rel}","templated":true}]}}